ate the remainder when 650134 is divided by 9142.
1052
Calculate the remainder when 15967191 is divided by 627.
9
Calculate the remainder when 42193 is divided by 10493.
221
Calculate the remainder when 6573785 is divided by 76.
13
Calculate the remainder when 785496 is divided by 1460.
16
Calculate the remainder when 574907 is divided by 8.
3
What is the remainder when 881749 is divided by 881436?
313
Calculate the remainder when 3042330 is divided by 2407.
2289
What is the remainder when 554219 is divided by 21312?
107
What is the remainder when 376827 is divided by 9982?
7493
Calculate the remainder when 1313780 is divided by 8815.
345
Calculate the remainder when 135093659 is divided by 906.
905
Calculate the remainder when 6183226 is divided by 1719.
1702
What is the remainder when 37543 is divided by 9092?
1175
What is the remainder when 86438 is divided by 672?
422
What is the remainder when 4467 is divided by 1?
0
What is the remainder when 873031491 is divided by 7?
3
Calculate the remainder when 91159654 is divided by 602.
600
Calculate the remainder when 50217578 is divided by 14.
12
What is the remainder when 1320536 is divided by 138?
14
What is the remainder when 1896794 is divided by 189608?
714
What is the remainder when 6904269 is divided by 48?
45
What is the remainder when 27009162 is divided by 7243?
15
Calculate the remainder when 14172531 is divided by 15.
6
What is the remainder when 101658 is divided by 101386?
272
What is the remainder when 1186838 is divided by 98886?
206
What is the remainder when 813712 is divided by 1949?
979
Calculate the remainder when 4075791 is divided by 40.
31
Calculate the remainder when 61843 is divided by 2602.
1997
What is the remainder when 13325 is divided by 175?
25
Calculate the remainder when 150356 is divided by 9548.
7136
Calculate the remainder when 30532632 is divided by 1281.
1278
Calculate the remainder when 1359317 is divided by 338.
219
Calculate the remainder when 135199 is divided by 15016.
55
Calculate the remainder when 1267511 is divided by 203.
182
What is the remainder when 43449 is divided by 1460?
1109
Calculate the remainder when 15484861 is divided by 49.
28
What is the remainder when 8263 is divided by 1655?
1643
What is the remainder when 13621924 is divided by 567580?
4
Calculate the remainder when 609001 is divided by 304495.
11
Calculate the remainder when 107814 is divided by 240.
54
Calculate the remainder when 26180988 is divided by 191102.
14
What is the remainder when 1260976 is divided by 1704?
16
Calculate the remainder when 87370 is divided by 901.
874
Calculate the remainder when 152097 is divided by 21726.
15
Calculate the remainder when 7546650 is divided by 2515535.
45
Calculate the remainder when 480302 is divided by 891.
53
Calculate the remainder when 49450 is divided by 1125.
1075
Calculate the remainder when 646200 is divided by 80775.
0
What is the remainder when 131080 is divided by 20038?
10852
What is the remainder when 74032948 is divided by 161?
157
What is the remainder when 1119746 is divided by 61?
30
What is the remainder when 16178450 is divided by 24550?
0
Calculate the remainder when 227200 is divided by 2011.
1968
Calculate the remainder when 9417536 is divided by 168168.
128
What is the remainder when 142482 is divided by 88?
10
Calculate the remainder when 20342725 is divided by 4331.
18
What is the remainder when 11776307 is divided by 433?
6
What is the remainder when 44366 is divided by 44191?
175
What is the remainder when 18011584 is divided by 2987?
2961
What is the remainder when 1681630 is divided by 13238?
404
Calculate the remainder when 165330 is divided by 972.
90
Calculate the remainder when 901530 is divided by 300496.
42
What is the remainder when 1330941 is divided by 13721?
4
What is the remainder when 140260 is divided by 332?
156
Calculate the remainder when 99819275 is divided by 2238.
2237
What is the remainder when 8319104 is divided by 125?
104
Calculate the remainder when 165419 is divided by 82638.
143
Calculate the remainder when 3793058 is divided by 435.
293
Calculate the remainder when 1999557 is divided by 401.
171
What is the remainder when 559615 is divided by 1025?
990
Calculate the remainder when 76597 is divided by 8150.
3247
Calculate the remainder when 18409795 is divided by 5.
0
Calculate the remainder when 6321104 is divided by 3637.
3635
What is the remainder when 28823941 is divided by 746?
739
What is the remainder when 7983409 is divided by 1266?
13
Calculate the remainder when 101277 is divided by 348.
9
What is the remainder when 11103 is divided by 4864?
1375
What is the remainder when 1882030 is divided by 6745?
175
What is the remainder when 5096440 is divided by 91007?
48
What is the remainder when 928702 is divided by 1183?
47
Calculate the remainder when 6025094 is divided by 109.
10
Calculate the remainder when 734578 is divided by 3236.
6
Calculate the remainder when 24332847 is divided by 450.
447
Calculate the remainder when 2606709 is divided by 62064.
21
What is the remainder when 118666 is divided by 44?
42
What is the remainder when 2514732 is divided by 2327?
1572
Calculate the remainder when 2766799 is divided by 162745.
134
Calculate the remainder when 22608733 is divided by 52701.
4
Calculate the remainder when 78170 is divided by 343.
309
Calculate the remainder when 353803 is divided by 28.
23
What is the remainder when 13188728 is divided by 159?
155
What is the remainder when 1467060 is divided by 15915?
2880
Calculate the remainder when 966336 is divided by 869.
8
What is the remainder when 3684777 is divided by 2543?
2513
Calculate the remainder when 2218624 is divided by 11262.
10
Calculate the remainder when 2402413 is divided by 4923.
4912
What is the remainder when 14302 is divided by 3284?
1166
What is the remainder when 5582412 is divided by 251?
172
What is the remainder when 11749590 is divided by 2471?
2456
What is the remainder when 35242 is divided by 355?
97
What is the remainder when 41673 is divided by 3383?
1077
Calculate the remainder when 1025134 is divided by 11.
0
Calculate the remainder when 54643 is divided by 27296.
51
What is the remainder when 92677899 is divided by 436?
431
What is the remainder when 18424537 is divided by 304?
9
What is the remainder when 108190 is divided by 3007?
2945
Calculate the remainder when 27445 is divided by 1952.
117
Calculate the remainder when 1829448 is divided by 1632.
1608
What is the remainder when 16736015 is divided by 1280?
15
What is the remainder when 30053 is divided by 30044?
9
Calculate the remainder when 536304 is divided by 2016.
48
What is the remainder when 192465 is divided by 8367?
24
What is the remainder when 46632 is divided by 1062?
966
What is the remainder when 293040 is divided by 3118?
3066
What is the remainder when 21938611 is divided by 2212?
2207
What is the remainder when 19218 is divided by 63?
3
What is the remainder when 59436 is divided by 3533?
2908
Calculate the remainder when 144575 is divided by 5782.
25
What is the remainder when 372914 is divided by 199?
187
What is the remainder when 1850470 is divided by 18691?
61
Calculate the remainder when 22034285 is divided by 473.
53
Calculate the remainder when 3963392 is divided by 2095.
1747
Calculate the remainder when 26257229 is divided by 137.
83
What is the remainder when 42987 is divided by 2804?
927
What is the remainder when 46919 is divided by 11640?
359
What is the remainder when 543704 is divided by 279?
212
What is the remainder when 7010553 is divided by 106?
31
What is the remainder when 303630 is divided by 1850?
230
Calculate the remainder when 133107 is divided by 3258.
2787
What is the remainder when 71598422 is divided by 55980?
2
What is the remainder when 1479306 is divided by 646?
612
What is the remainder when 4714750 is divided by 8666?
446
Calculate the remainder when 26032 is divided by 8561.
349
Calculate the remainder when 73593665 is divided by 12265606.
29
What is the remainder when 146825 is divided by 18349?
33
Calculate the remainder when 109416 is divided by 18115.
726
What is the remainder when 12386 is divided by 398?
48
Calculate the remainder when 584415413 is divided by 3762.
3